{"id":154,"date":"2023-11-23T09:13:16","date_gmt":"2023-11-23T08:13:16","guid":{"rendered":"https:\/\/mathriders.pl\/szczercow\/?page_id=154"},"modified":"2025-11-09T17:54:11","modified_gmt":"2025-11-09T16:54:11","slug":"grafik-zajec","status":"publish","type":"page","link":"https:\/\/mathriders.pl\/szczercow\/grafik-zajec\/","title":{"rendered":"Grafik zaj\u0119\u0107"},"content":{"rendered":"<style>.kb-row-layout-id154_f40dff-70 > .kt-row-column-wrap{align-content:start;}:where(.kb-row-layout-id154_f40dff-70 > .kt-row-column-wrap) > .wp-block-kadence-column{justify-content:start;}.kb-row-layout-id154_f40dff-70 > .kt-row-column-wrap{column-gap:var(--global-kb-gap-md, 2rem);row-gap:var(--global-kb-gap-md, 2rem);max-width:var( --global-content-width, 1290px );padding-left:var(--global-content-edge-padding);padding-right:var(--global-content-edge-padding);padding-top:var(--global-kb-spacing-5xl, 10rem);padding-bottom:var(--global-kb-spacing-sm, 1.5rem);grid-template-columns:minmax(0, 1fr);}.kb-row-layout-id154_f40dff-70 > .kt-row-layout-overlay{opacity:0.30;}@media all and (max-width: 1024px){.kb-row-layout-id154_f40dff-70 > .kt-row-column-wrap{grid-template-columns:minmax(0, 1fr);}}@media all and (max-width: 767px){.kb-row-layout-id154_f40dff-70 > .kt-row-column-wrap{grid-template-columns:minmax(0, 1fr);}}<\/style><div class=\"kb-row-layout-wrap kb-row-layout-id154_f40dff-70 alignfull wp-block-kadence-rowlayout\"><div class=\"kt-row-column-wrap kt-has-1-columns kt-row-layout-equal kt-tab-layout-inherit kt-mobile-layout-row kt-row-valign-top kb-theme-content-width\">\n<style>.kadence-column154_7e0fc7-70 > .kt-inside-inner-col,.kadence-column154_7e0fc7-70 > .kt-inside-inner-col:before{border-top-left-radius:0px;border-top-right-radius:0px;border-bottom-right-radius:0px;border-bottom-left-radius:0px;}.kadence-column154_7e0fc7-70 > .kt-inside-inner-col{column-gap:var(--global-kb-gap-sm, 1rem);}.kadence-column154_7e0fc7-70 > .kt-inside-inner-col{flex-direction:column;}.kadence-column154_7e0fc7-70 > .kt-inside-inner-col > .aligncenter{width:100%;}.kadence-column154_7e0fc7-70 > .kt-inside-inner-col:before{opacity:0.3;}.kadence-column154_7e0fc7-70{position:relative;}@media all and (max-width: 1024px){.kadence-column154_7e0fc7-70 > .kt-inside-inner-col{flex-direction:column;justify-content:center;}}@media all and (max-width: 767px){.kadence-column154_7e0fc7-70 > .kt-inside-inner-col{flex-direction:column;justify-content:center;}}<\/style>\n<div class=\"wp-block-kadence-column kadence-column154_7e0fc7-70\"><div class=\"kt-inside-inner-col\"><style>.wp-block-kadence-advancedheading.kt-adv-heading154_a36bda-15, .wp-block-kadence-advancedheading.kt-adv-heading154_a36bda-15[data-kb-block=\"kb-adv-heading154_a36bda-15\"]{padding-bottom:0px;margin-bottom:0px;text-align:center;font-style:normal;}.wp-block-kadence-advancedheading.kt-adv-heading154_a36bda-15 mark.kt-highlight, .wp-block-kadence-advancedheading.kt-adv-heading154_a36bda-15[data-kb-block=\"kb-adv-heading154_a36bda-15\"] mark.kt-highlight{font-style:normal;color:#f76a0c;-webkit-box-decoration-break:clone;box-decoration-break:clone;padding-top:0px;padding-right:0px;padding-bottom:0px;padding-left:0px;}.wp-block-kadence-advancedheading.kt-adv-heading154_a36bda-15 img.kb-inline-image, .wp-block-kadence-advancedheading.kt-adv-heading154_a36bda-15[data-kb-block=\"kb-adv-heading154_a36bda-15\"] img.kb-inline-image{width:150px;vertical-align:baseline;}<\/style>\n<h1 class=\"kt-adv-heading154_a36bda-15 wp-block-kadence-advancedheading\" data-kb-block=\"kb-adv-heading154_a36bda-15\">Grafik zaj\u0119\u0107<\/h1>\n\n\n\n<p class=\"has-text-align-center\">Szczerc\u00f3w<\/p>\n<\/div><\/div>\n\n<\/div><\/div>\n\n<style>.kb-row-layout-id154_6f54eb-90 > .kt-row-column-wrap{align-content:start;}:where(.kb-row-layout-id154_6f54eb-90 > .kt-row-column-wrap) > .wp-block-kadence-column{justify-content:start;}.kb-row-layout-id154_6f54eb-90 > .kt-row-column-wrap{column-gap:var(--global-kb-gap-md, 2rem);row-gap:var(--global-kb-gap-sm, 1rem);max-width:var( --global-content-width, 1290px );padding-left:var(--global-content-edge-padding);padding-right:var(--global-content-edge-padding);padding-top:0px;padding-bottom:var(--global-kb-spacing-lg, 3rem);grid-template-columns:minmax(0, 1fr);}.kb-row-layout-id154_6f54eb-90 > .kt-row-layout-overlay{opacity:0.30;}@media all and (max-width: 1024px){.kb-row-layout-id154_6f54eb-90 > .kt-row-column-wrap{grid-template-columns:minmax(0, 1fr);}}@media all and (max-width: 767px){.kb-row-layout-id154_6f54eb-90 > .kt-row-column-wrap{grid-template-columns:minmax(0, 1fr);}}<\/style><div class=\"kb-row-layout-wrap kb-row-layout-id154_6f54eb-90 alignfull wp-block-kadence-rowlayout\"><div class=\"kt-row-column-wrap kt-has-1-columns kt-row-layout-equal kt-tab-layout-inherit kt-mobile-layout-row kt-row-valign-top kb-theme-content-width\">\n<style>.kadence-column154_a45969-62 > .kt-inside-inner-col{padding-top:0px;}.kadence-column154_a45969-62 > .kt-inside-inner-col,.kadence-column154_a45969-62 > .kt-inside-inner-col:before{border-top-left-radius:0px;border-top-right-radius:0px;border-bottom-right-radius:0px;border-bottom-left-radius:0px;}.kadence-column154_a45969-62 > .kt-inside-inner-col{column-gap:var(--global-kb-gap-sm, 1rem);}.kadence-column154_a45969-62 > .kt-inside-inner-col{flex-direction:column;}.kadence-column154_a45969-62 > .kt-inside-inner-col > .aligncenter{width:100%;}.kadence-column154_a45969-62 > .kt-inside-inner-col:before{opacity:0.3;}.kadence-column154_a45969-62{position:relative;}@media all and (max-width: 1024px){.kadence-column154_a45969-62 > .kt-inside-inner-col{flex-direction:column;justify-content:center;}}@media all and (max-width: 767px){.kadence-column154_a45969-62 > .kt-inside-inner-col{flex-direction:column;justify-content:center;}}<\/style>\n<div class=\"wp-block-kadence-column kadence-column154_a45969-62\"><div class=\"kt-inside-inner-col\"><style>.kt-tabs-id154_995745-e3 > .kt-tabs-content-wrap > .wp-block-kadence-tab{border-top:0px solid #bcbcbc;border-right:0px solid #bcbcbc;border-bottom:0px solid #bcbcbc;border-left:0px solid #bcbcbc;border-top-left-radius:0px;border-top-right-radius:0px;border-bottom-right-radius:0px;border-bottom-left-radius:0px;padding-top:var(--global-kb-spacing-sm, 1.5rem);padding-right:var(--global-kb-spacing-sm, 1.5rem);padding-bottom:var(--global-kb-spacing-lg, 3rem);padding-left:var(--global-kb-spacing-sm, 1.5rem);background:var(--global-palette9, #ffffff);}.wp-block-kadence-tabs .kt-tabs-id154_995745-e3 > .kt-tabs-title-list li{margin-top:0px;margin-right:8px;margin-bottom:1px;margin-left:0px;margin-right:0px;margin-left:0px;}.wp-block-kadence-tabs .kt-tabs-id154_995745-e3 > .kt-tabs-title-list li:last-child{margin-right:0px;}.wp-block-kadence-tabs .kt-tabs-id154_995745-e3 > .kt-tabs-title-list{margin-right:-2px;}.wp-block-kadence-tabs .kt-tabs-id154_995745-e3 > .kt-tabs-title-list li .kt-tab-title{margin-right:2px;}.wp-block-kadence-tabs .kt-tabs-id154_995745-e3 > .kt-tabs-title-list li .kt-tab-title, .wp-block-kadence-tabs .kt-tabs-id154_995745-e3 > .kt-tabs-content-wrap > .kt-tabs-accordion-title .kt-tab-title{line-height:1.4em;font-weight:regular;font-style:normal;border-top-width:0px;border-right-width:0px;border-bottom-width:0px;border-left-width:0px;border-top-left-radius:20px;border-top-right-radius:22px;border-bottom-right-radius:0px;border-bottom-left-radius:0px;padding-top:8px;padding-right:20px;padding-bottom:8px;padding-left:20px;border-color:rgba(250,248,247,0.6);color:var(--global-palette8, #F7FAFC);background:#ffffff;}.wp-block-kadence-tabs .kt-tabs-id154_995745-e3 > .kt-tabs-content-wrap > .kt-tabs-accordion-title .kt-tab-title{margin-top:0px;margin-right:8px;margin-bottom:1px;margin-left:0px;}.wp-block-kadence-tabs .kt-tabs-id154_995745-e3 > .kt-tabs-title-list li .kt-tab-title:hover, .wp-block-kadence-tabs .kt-tabs-id154_995745-e3 > .kt-tabs-content-wrap > .kt-tabs-accordion-title .kt-tab-title:hover{border-color:rgba(250,248,247,0.6);color:var(--global-palette8, #F7FAFC);background:#ffffff;}.wp-block-kadence-tabs .kt-tabs-id154_995745-e3 > .kt-tabs-title-list li.kt-tab-title-active .kt-tab-title, .wp-block-kadence-tabs .kt-tabs-id154_995745-e3 > .kt-tabs-content-wrap > .kt-tabs-accordion-title.kt-tab-title-active .kt-tab-title{border-color:var(--global-palette9, #ffffff);color:var(--global-palette8, #F7FAFC);background:var(--global-palette2, #2B6CB0);}@media all and (max-width: 1024px){.kt-tabs-id154_995745-e3 > .kt-tabs-content-wrap > .wp-block-kadence-tab{border-top:0px solid #bcbcbc;border-right:0px solid #bcbcbc;border-bottom:0px solid #bcbcbc;border-left:0px solid #bcbcbc;}}@media all and (max-width: 767px){.kt-tabs-id154_995745-e3 > .kt-tabs-content-wrap > .wp-block-kadence-tab{border-top:0px solid #bcbcbc;border-right:0px solid #bcbcbc;border-bottom:0px solid #bcbcbc;border-left:0px solid #bcbcbc;}}<\/style>\n<div class=\"wp-block-kadence-tabs alignnone wp360-tabs\"><div class=\"kt-tabs-wrap kt-tabs-id154_995745-e3 kt-tabs-has-3-tabs kt-active-tab-1 kt-tabs-layout-tabs kt-tabs-tablet-layout-inherit kt-tabs-mobile-layout-inherit kt-tab-alignment-center \"><ul class=\"kt-tabs-title-list kb-tabs-list-columns kb-tab-title-columns-3\"><li id=\"tab-strong24latastrongbrstarter\" class=\"kt-title-item kt-title-item-1 kt-tabs-svg-show-always kt-tabs-icon-side-right kt-tab-title-active\"><a href=\"#tab-strong24latastrongbrstarter\" data-tab=\"1\" class=\"kt-tab-title kt-tab-title-1 \"><span class=\"kt-title-text\"><strong>2 \u2013 4 lata<\/strong><br>Starter<\/span><\/a><\/li><li id=\"tab-strongstrong5-11latstrongstrongbrjunior\" class=\"kt-title-item kt-title-item-2 kt-tabs-svg-show-always kt-tabs-icon-side-right kt-tab-title-inactive\"><a href=\"#tab-strongstrong5-11latstrongstrongbrjunior\" data-tab=\"2\" class=\"kt-tab-title kt-tab-title-2 \"><span class=\"kt-title-text\"><strong><strong>5-11 lat<\/strong><\/strong><br>Junior<\/span><\/a><\/li><li id=\"tab-strong11-19latstrongbradvanced\" class=\"kt-title-item kt-title-item-3 kt-tabs-svg-show-always kt-tabs-icon-side-right kt-tab-title-inactive\"><a href=\"#tab-strong11-19latstrongbradvanced\" data-tab=\"3\" class=\"kt-tab-title kt-tab-title-3 \"><span class=\"kt-title-text\"><strong>11-19 lat<\/strong><br>Advanced<\/span><\/a><\/li><\/ul><div class=\"kt-tabs-content-wrap\">\n<div class=\"wp-block-kadence-tab kt-tab-inner-content kt-inner-tab-1 kt-inner-tab0a16be-6e\"><div class=\"kt-tab-inner-content-inner\">\n<div style=\"height:20px\" aria-hidden=\"true\" class=\"wp-block-spacer\"><\/div>\n\n\n\n<figure class=\"wp-block-table alignwide is-style-stripes\"><table class=\"has-fixed-layout\"><thead><tr><th class=\"has-text-align-center\" data-align=\"center\">Poziom<\/th><th class=\"has-text-align-center\" data-align=\"center\">Czas trwania<\/th><th class=\"has-text-align-center\" data-align=\"center\">Dzie\u0144 i godzina<\/th><\/tr><\/thead><tbody><tr><td class=\"has-text-align-center\" data-align=\"center\">Fun Board (3-4 lat)<\/td><td class=\"has-text-align-center\" data-align=\"center\">50 min<\/td><td class=\"has-text-align-center\" data-align=\"center\">PONIEDZIA\u0141EK 15.30-16.20<\/td><\/tr><tr><td class=\"has-text-align-center\" data-align=\"center\">Basic (4-5 lat)<\/td><td class=\"has-text-align-center\" data-align=\"center\">50 min<\/td><td class=\"has-text-align-center\" data-align=\"center\"><br>PONIEDZIA\u0141EK 16.30-17.10<br><\/td><\/tr><\/tbody><\/table><\/figure>\n<\/div><\/div>\n\n\n\n<div class=\"wp-block-kadence-tab kt-tab-inner-content kt-inner-tab-2 kt-inner-tab3379cd-c2\"><div class=\"kt-tab-inner-content-inner\">\n<div style=\"height:20px\" aria-hidden=\"true\" class=\"wp-block-spacer\"><\/div>\n\n\n\n<figure class=\"wp-block-table alignwide is-style-stripes\"><table class=\"has-fixed-layout\"><thead><tr><th class=\"has-text-align-center\" data-align=\"center\">Poziom<\/th><th class=\"has-text-align-center\" data-align=\"center\">Czas trwania<\/th><th class=\"has-text-align-center\" data-align=\"center\">Dzie\u0144 i godzina<\/th><\/tr><\/thead><tbody><tr><td class=\"has-text-align-center\" data-align=\"center\">1 (5-6 lat)<\/td><td class=\"has-text-align-center\" data-align=\"center\">50<\/td><td class=\"has-text-align-center\" data-align=\"center\">PONIEDZIA\u0141EK 17.20 &#8211; 18.10<\/td><\/tr><tr><td class=\"has-text-align-center\" data-align=\"center\">2 (6-7 lat)<\/td><td class=\"has-text-align-center\" data-align=\"center\">50<\/td><td class=\"has-text-align-center\" data-align=\"center\"><br>\u015aRODA 15.00 &#8211; 15.50<br>              17.00 &#8211; 17.50<br><br><\/td><\/tr><tr><td class=\"has-text-align-center\" data-align=\"center\">3 (7-8 lat)<\/td><td class=\"has-text-align-center\" data-align=\"center\">50<\/td><td class=\"has-text-align-center\" data-align=\"center\">PONIEDZIA\u0141EK 17.20 &#8211; 18.10<\/td><\/tr><tr><td class=\"has-text-align-center\" data-align=\"center\">4 (8-9 lat)<\/td><td class=\"has-text-align-center\" data-align=\"center\">50<\/td><td class=\"has-text-align-center\" data-align=\"center\"><br>PONIEDZIA\u0141EK 16.00 &#8211; 16.50<br><\/td><\/tr><tr><td class=\"has-text-align-center\" data-align=\"center\">5 (9-10 lat)<\/td><td class=\"has-text-align-center\" data-align=\"center\">50<\/td><td class=\"has-text-align-center\" data-align=\"center\">PONIEDZIA\u0141EK 17.30 &#8211; 18.20<br>WTOREK 17.30 &#8211; 18.20<\/td><\/tr><tr><td class=\"has-text-align-center\" data-align=\"center\">6 (10-11 lat)<\/td><td class=\"has-text-align-center\" data-align=\"center\">50<\/td><td class=\"has-text-align-center\" data-align=\"center\">PONIEDZIA\u0141EK 17.20 &#8211; 18.10<br><\/td><\/tr><\/tbody><\/table><\/figure>\n<\/div><\/div>\n\n\n\n<div class=\"wp-block-kadence-tab kt-tab-inner-content kt-inner-tab-3 kt-inner-tabadccbd-3c\"><div class=\"kt-tab-inner-content-inner\">\n<div style=\"height:20px\" aria-hidden=\"true\" class=\"wp-block-spacer\"><\/div>\n\n\n\n<figure class=\"wp-block-table alignwide is-style-stripes\"><table class=\"has-fixed-layout\"><thead><tr><th class=\"has-text-align-center\" data-align=\"center\">Poziom<\/th><th class=\"has-text-align-center\" data-align=\"center\">Czas trwania<\/th><th class=\"has-text-align-center\" data-align=\"center\">Dzie\u0144 i godzina<\/th><\/tr><\/thead><tbody><tr><td class=\"has-text-align-center\" data-align=\"center\">Klasa 6 (11-12 lat)<\/td><td class=\"has-text-align-center\" data-align=\"center\">70 min<\/td><td class=\"has-text-align-center\" data-align=\"center\">PONIEDZIA\u0141EK 18.10-19.20<\/td><\/tr><tr><td class=\"has-text-align-center\" data-align=\"center\">Klasa 7 (12-13 lat)<\/td><td class=\"has-text-align-center\" data-align=\"center\">90 min<\/td><td class=\"has-text-align-center\" data-align=\"center\">WTOREK 17.30 -19.00<br>\u015aRODA 18.00-19.30<\/td><\/tr><tr><td class=\"has-text-align-center\" data-align=\"center\">Klasa 8 (13-14 lat)<\/td><td class=\"has-text-align-center\" data-align=\"center\">120 min<\/td><td class=\"has-text-align-center\" data-align=\"center\">CZWARTEK 15.30 &#8211; 17.30<\/td><\/tr><tr><td class=\"has-text-align-center\" data-align=\"center\">Szko\u0142a \u015arednia (15-18 lat)<\/td><td class=\"has-text-align-center\" data-align=\"center\">90 min<br>120 min<\/td><td class=\"has-text-align-center\" data-align=\"center\">TERMINY PODAJEMY POD NUMEREM TELEFONU 519819271<\/td><\/tr><\/tbody><\/table><\/figure>\n<\/div><\/div>\n<\/div><\/div><\/div>\n\n\n\n<p class=\"has-text-align-center\">*PLAN ZAJ\u0118\u0106 W ROKU SZKOLNYM 2025\/2026<\/p>\n<\/div><\/div>\n\n<\/div><\/div>","protected":false},"excerpt":{"rendered":"<p>Grafik zaj\u0119\u0107 Szczerc\u00f3w *PLAN ZAJ\u0118\u0106 W ROKU SZKOLNYM 2025\/2026<\/p>\n","protected":false},"author":1,"featured_media":0,"parent":0,"menu_order":0,"comment_status":"closed","ping_status":"closed","template":"","meta":{"_acf_changed":false,"_kad_blocks_custom_css":"","_kad_blocks_head_custom_js":"","_kad_blocks_body_custom_js":"","_kad_blocks_footer_custom_js":"","_kad_post_transparent":"","_kad_post_title":"","_kad_post_layout":"","_kad_post_sidebar_id":"","_kad_post_content_style":"","_kad_post_vertical_padding":"","_kad_post_feature":"","_kad_post_feature_position":"","_kad_post_header":false,"_kad_post_footer":false,"_kad_post_classname":"","footnotes":""},"class_list":["post-154","page","type-page","status-publish","hentry"],"acf":[],"yoast_head":"<!-- This site is optimized with the Yoast SEO plugin v27.0 - https:\/\/yoast.com\/product\/yoast-seo-wordpress\/ -->\n<title>Grafik zaj\u0119\u0107 - Szczerc\u00f3w<\/title>\n<meta name=\"robots\" content=\"index, follow, max-snippet:-1, max-image-preview:large, max-video-preview:-1\" \/>\n<link rel=\"canonical\" href=\"https:\/\/mathriders.pl\/szczercow\/grafik-zajec\/\" \/>\n<meta property=\"og:locale\" content=\"pl_PL\" \/>\n<meta property=\"og:type\" content=\"article\" \/>\n<meta property=\"og:title\" content=\"Grafik zaj\u0119\u0107 - Szczerc\u00f3w\" \/>\n<meta property=\"og:description\" content=\"Grafik zaj\u0119\u0107 Szczerc\u00f3w *PLAN ZAJ\u0118\u0106 W ROKU SZKOLNYM 2025\/2026\" \/>\n<meta property=\"og:url\" content=\"https:\/\/mathriders.pl\/szczercow\/grafik-zajec\/\" \/>\n<meta property=\"og:site_name\" content=\"Szczerc\u00f3w\" \/>\n<meta property=\"article:modified_time\" content=\"2025-11-09T16:54:11+00:00\" \/>\n<meta name=\"twitter:card\" content=\"summary_large_image\" \/>\n<meta name=\"twitter:label1\" content=\"Szacowany czas czytania\" \/>\n\t<meta name=\"twitter:data1\" content=\"1 minuta\" \/>\n<script type=\"application\/ld+json\" class=\"yoast-schema-graph\">{\"@context\":\"https:\/\/schema.org\",\"@graph\":[{\"@type\":\"WebPage\",\"@id\":\"https:\/\/mathriders.pl\/szczercow\/grafik-zajec\/\",\"url\":\"https:\/\/mathriders.pl\/szczercow\/grafik-zajec\/\",\"name\":\"Grafik zaj\u0119\u0107 - Szczerc\u00f3w\",\"isPartOf\":{\"@id\":\"https:\/\/mathriders.pl\/szczercow\/#website\"},\"datePublished\":\"2023-11-23T08:13:16+00:00\",\"dateModified\":\"2025-11-09T16:54:11+00:00\",\"breadcrumb\":{\"@id\":\"https:\/\/mathriders.pl\/szczercow\/grafik-zajec\/#breadcrumb\"},\"inLanguage\":\"pl-PL\",\"potentialAction\":[{\"@type\":\"ReadAction\",\"target\":[\"https:\/\/mathriders.pl\/szczercow\/grafik-zajec\/\"]}]},{\"@type\":\"BreadcrumbList\",\"@id\":\"https:\/\/mathriders.pl\/szczercow\/grafik-zajec\/#breadcrumb\",\"itemListElement\":[{\"@type\":\"ListItem\",\"position\":1,\"name\":\"Strona g\u0142\u00f3wna\",\"item\":\"https:\/\/mathriders.pl\/szczercow\/\"},{\"@type\":\"ListItem\",\"position\":2,\"name\":\"Grafik zaj\u0119\u0107\"}]},{\"@type\":\"WebSite\",\"@id\":\"https:\/\/mathriders.pl\/szczercow\/#website\",\"url\":\"https:\/\/mathriders.pl\/szczercow\/\",\"name\":\"Szczerc\u00f3w\",\"description\":\"\",\"publisher\":{\"@id\":\"https:\/\/mathriders.pl\/szczercow\/#organization\"},\"potentialAction\":[{\"@type\":\"SearchAction\",\"target\":{\"@type\":\"EntryPoint\",\"urlTemplate\":\"https:\/\/mathriders.pl\/szczercow\/?s={search_term_string}\"},\"query-input\":{\"@type\":\"PropertyValueSpecification\",\"valueRequired\":true,\"valueName\":\"search_term_string\"}}],\"inLanguage\":\"pl-PL\"},{\"@type\":\"Organization\",\"@id\":\"https:\/\/mathriders.pl\/szczercow\/#organization\",\"name\":\"Szczerc\u00f3w\",\"url\":\"https:\/\/mathriders.pl\/szczercow\/\",\"logo\":{\"@type\":\"ImageObject\",\"inLanguage\":\"pl-PL\",\"@id\":\"https:\/\/mathriders.pl\/szczercow\/#\/schema\/logo\/image\/\",\"url\":\"https:\/\/mathriders.pl\/szczercow\/wp-content\/uploads\/sites\/57\/2023\/11\/logo.webp\",\"contentUrl\":\"https:\/\/mathriders.pl\/szczercow\/wp-content\/uploads\/sites\/57\/2023\/11\/logo.webp\",\"width\":157,\"height\":82,\"caption\":\"Szczerc\u00f3w\"},\"image\":{\"@id\":\"https:\/\/mathriders.pl\/szczercow\/#\/schema\/logo\/image\/\"}}]}<\/script>\n<!-- \/ Yoast SEO plugin. -->","yoast_head_json":{"title":"Grafik zaj\u0119\u0107 - Szczerc\u00f3w","robots":{"index":"index","follow":"follow","max-snippet":"max-snippet:-1","max-image-preview":"max-image-preview:large","max-video-preview":"max-video-preview:-1"},"canonical":"https:\/\/mathriders.pl\/szczercow\/grafik-zajec\/","og_locale":"pl_PL","og_type":"article","og_title":"Grafik zaj\u0119\u0107 - Szczerc\u00f3w","og_description":"Grafik zaj\u0119\u0107 Szczerc\u00f3w *PLAN ZAJ\u0118\u0106 W ROKU SZKOLNYM 2025\/2026","og_url":"https:\/\/mathriders.pl\/szczercow\/grafik-zajec\/","og_site_name":"Szczerc\u00f3w","article_modified_time":"2025-11-09T16:54:11+00:00","twitter_card":"summary_large_image","twitter_misc":{"Szacowany czas czytania":"1 minuta"},"schema":{"@context":"https:\/\/schema.org","@graph":[{"@type":"WebPage","@id":"https:\/\/mathriders.pl\/szczercow\/grafik-zajec\/","url":"https:\/\/mathriders.pl\/szczercow\/grafik-zajec\/","name":"Grafik zaj\u0119\u0107 - Szczerc\u00f3w","isPartOf":{"@id":"https:\/\/mathriders.pl\/szczercow\/#website"},"datePublished":"2023-11-23T08:13:16+00:00","dateModified":"2025-11-09T16:54:11+00:00","breadcrumb":{"@id":"https:\/\/mathriders.pl\/szczercow\/grafik-zajec\/#breadcrumb"},"inLanguage":"pl-PL","potentialAction":[{"@type":"ReadAction","target":["https:\/\/mathriders.pl\/szczercow\/grafik-zajec\/"]}]},{"@type":"BreadcrumbList","@id":"https:\/\/mathriders.pl\/szczercow\/grafik-zajec\/#breadcrumb","itemListElement":[{"@type":"ListItem","position":1,"name":"Strona g\u0142\u00f3wna","item":"https:\/\/mathriders.pl\/szczercow\/"},{"@type":"ListItem","position":2,"name":"Grafik zaj\u0119\u0107"}]},{"@type":"WebSite","@id":"https:\/\/mathriders.pl\/szczercow\/#website","url":"https:\/\/mathriders.pl\/szczercow\/","name":"Szczerc\u00f3w","description":"","publisher":{"@id":"https:\/\/mathriders.pl\/szczercow\/#organization"},"potentialAction":[{"@type":"SearchAction","target":{"@type":"EntryPoint","urlTemplate":"https:\/\/mathriders.pl\/szczercow\/?s={search_term_string}"},"query-input":{"@type":"PropertyValueSpecification","valueRequired":true,"valueName":"search_term_string"}}],"inLanguage":"pl-PL"},{"@type":"Organization","@id":"https:\/\/mathriders.pl\/szczercow\/#organization","name":"Szczerc\u00f3w","url":"https:\/\/mathriders.pl\/szczercow\/","logo":{"@type":"ImageObject","inLanguage":"pl-PL","@id":"https:\/\/mathriders.pl\/szczercow\/#\/schema\/logo\/image\/","url":"https:\/\/mathriders.pl\/szczercow\/wp-content\/uploads\/sites\/57\/2023\/11\/logo.webp","contentUrl":"https:\/\/mathriders.pl\/szczercow\/wp-content\/uploads\/sites\/57\/2023\/11\/logo.webp","width":157,"height":82,"caption":"Szczerc\u00f3w"},"image":{"@id":"https:\/\/mathriders.pl\/szczercow\/#\/schema\/logo\/image\/"}}]}},"taxonomy_info":[],"featured_image_src_large":false,"author_info":{"display_name":"gootek","author_link":"https:\/\/mathriders.pl\/szczercow\/aktualnosci\/author\/gootek\/"},"comment_info":0,"_links":{"self":[{"href":"https:\/\/mathriders.pl\/szczercow\/wp-json\/wp\/v2\/pages\/154","targetHints":{"allow":["GET"]}}],"collection":[{"href":"https:\/\/mathriders.pl\/szczercow\/wp-json\/wp\/v2\/pages"}],"about":[{"href":"https:\/\/mathriders.pl\/szczercow\/wp-json\/wp\/v2\/types\/page"}],"author":[{"embeddable":true,"href":"https:\/\/mathriders.pl\/szczercow\/wp-json\/wp\/v2\/users\/1"}],"replies":[{"embeddable":true,"href":"https:\/\/mathriders.pl\/szczercow\/wp-json\/wp\/v2\/comments?post=154"}],"version-history":[{"count":49,"href":"https:\/\/mathriders.pl\/szczercow\/wp-json\/wp\/v2\/pages\/154\/revisions"}],"predecessor-version":[{"id":658,"href":"https:\/\/mathriders.pl\/szczercow\/wp-json\/wp\/v2\/pages\/154\/revisions\/658"}],"wp:attachment":[{"href":"https:\/\/mathriders.pl\/szczercow\/wp-json\/wp\/v2\/media?parent=154"}],"curies":[{"name":"wp","href":"https:\/\/api.w.org\/{rel}","templated":true}]}}