{"id":202,"date":"2023-11-23T10:23:28","date_gmt":"2023-11-23T09:23:28","guid":{"rendered":"https:\/\/mathriders.pl\/sycow\/?page_id=202"},"modified":"2025-09-10T10:25:34","modified_gmt":"2025-09-10T08:25:34","slug":"aktualnosci","status":"publish","type":"page","link":"https:\/\/mathriders.pl\/sycow\/aktualnosci\/","title":{"rendered":"Aktualno\u015bci"},"content":{"rendered":"<style>.kb-row-layout-id202_e9232b-45 > .kt-row-column-wrap{align-content:start;}:where(.kb-row-layout-id202_e9232b-45 > .kt-row-column-wrap) > .wp-block-kadence-column{justify-content:start;}.kb-row-layout-id202_e9232b-45 > .kt-row-column-wrap{column-gap:var(--global-kb-gap-md, 2rem);row-gap:var(--global-kb-gap-md, 2rem);max-width:var( --global-content-width, 1290px );padding-left:var(--global-content-edge-padding);padding-right:var(--global-content-edge-padding);padding-top:var(--global-kb-spacing-5xl, 10rem);padding-bottom:var(--global-kb-spacing-sm, 1.5rem);grid-template-columns:minmax(0, 1fr);}.kb-row-layout-id202_e9232b-45 > .kt-row-layout-overlay{opacity:0.30;}@media all and (max-width: 1024px){.kb-row-layout-id202_e9232b-45 > .kt-row-column-wrap{grid-template-columns:minmax(0, 1fr);}}@media all and (max-width: 767px){.kb-row-layout-id202_e9232b-45 > .kt-row-column-wrap{grid-template-columns:minmax(0, 1fr);}}<\/style><div class=\"kb-row-layout-wrap kb-row-layout-id202_e9232b-45 alignfull wp-block-kadence-rowlayout\"><div class=\"kt-row-column-wrap kt-has-1-columns kt-row-layout-equal kt-tab-layout-inherit kt-mobile-layout-row kt-row-valign-top kb-theme-content-width\">\n<style>.kadence-column202_697bdd-71 > .kt-inside-inner-col,.kadence-column202_697bdd-71 > .kt-inside-inner-col:before{border-top-left-radius:0px;border-top-right-radius:0px;border-bottom-right-radius:0px;border-bottom-left-radius:0px;}.kadence-column202_697bdd-71 > .kt-inside-inner-col{column-gap:var(--global-kb-gap-sm, 1rem);}.kadence-column202_697bdd-71 > .kt-inside-inner-col{flex-direction:column;}.kadence-column202_697bdd-71 > .kt-inside-inner-col > .aligncenter{width:100%;}.kadence-column202_697bdd-71 > .kt-inside-inner-col:before{opacity:0.3;}.kadence-column202_697bdd-71{position:relative;}@media all and (max-width: 1024px){.kadence-column202_697bdd-71 > .kt-inside-inner-col{flex-direction:column;justify-content:center;}}@media all and (max-width: 767px){.kadence-column202_697bdd-71 > .kt-inside-inner-col{flex-direction:column;justify-content:center;}}<\/style>\n<div class=\"wp-block-kadence-column kadence-column202_697bdd-71\"><div class=\"kt-inside-inner-col\"><style>.wp-block-kadence-advancedheading.kt-adv-heading202_cc4e9f-e3, .wp-block-kadence-advancedheading.kt-adv-heading202_cc4e9f-e3[data-kb-block=\"kb-adv-heading202_cc4e9f-e3\"]{padding-bottom:0px;margin-bottom:0px;text-align:center;font-style:normal;}.wp-block-kadence-advancedheading.kt-adv-heading202_cc4e9f-e3 mark.kt-highlight, .wp-block-kadence-advancedheading.kt-adv-heading202_cc4e9f-e3[data-kb-block=\"kb-adv-heading202_cc4e9f-e3\"] mark.kt-highlight{font-style:normal;color:#f76a0c;-webkit-box-decoration-break:clone;box-decoration-break:clone;padding-top:0px;padding-right:0px;padding-bottom:0px;padding-left:0px;}.wp-block-kadence-advancedheading.kt-adv-heading202_cc4e9f-e3 img.kb-inline-image, .wp-block-kadence-advancedheading.kt-adv-heading202_cc4e9f-e3[data-kb-block=\"kb-adv-heading202_cc4e9f-e3\"] img.kb-inline-image{width:150px;vertical-align:baseline;}<\/style>\n<h1 class=\"kt-adv-heading202_cc4e9f-e3 wp-block-kadence-advancedheading\" data-kb-block=\"kb-adv-heading202_cc4e9f-e3\">Aktualno\u015bci<\/h1>\n\n\n\n<p class=\"has-text-align-center\">Syc\u00f3w<\/p>\n<\/div><\/div>\n\n<\/div><\/div>\n\n<style>.kb-row-layout-id202_0d66c0-06 > .kt-row-column-wrap{align-content:start;}:where(.kb-row-layout-id202_0d66c0-06 > .kt-row-column-wrap) > .wp-block-kadence-column{justify-content:start;}.kb-row-layout-id202_0d66c0-06 > .kt-row-column-wrap{column-gap:var(--global-kb-gap-md, 2rem);row-gap:var(--global-kb-gap-md, 2rem);padding-top:var(--global-kb-spacing-sm, 1.5rem);padding-bottom:var(--global-kb-spacing-sm, 1.5rem);grid-template-columns:minmax(0, 1fr);}.kb-row-layout-id202_0d66c0-06 > .kt-row-layout-overlay{opacity:0.30;}@media all and (max-width: 1024px){.kb-row-layout-id202_0d66c0-06 > .kt-row-column-wrap{grid-template-columns:minmax(0, 1fr);}}@media all and (max-width: 767px){.kb-row-layout-id202_0d66c0-06 > .kt-row-column-wrap{grid-template-columns:minmax(0, 1fr);}}<\/style><div class=\"kb-row-layout-wrap kb-row-layout-id202_0d66c0-06 alignnone wp-block-kadence-rowlayout\"><div class=\"kt-row-column-wrap kt-has-1-columns kt-row-layout-equal kt-tab-layout-inherit kt-mobile-layout-row kt-row-valign-top\">\n<style>.kadence-column202_c882ac-7e > .kt-inside-inner-col,.kadence-column202_c882ac-7e > .kt-inside-inner-col:before{border-top-left-radius:0px;border-top-right-radius:0px;border-bottom-right-radius:0px;border-bottom-left-radius:0px;}.kadence-column202_c882ac-7e > .kt-inside-inner-col{column-gap:var(--global-kb-gap-sm, 1rem);}.kadence-column202_c882ac-7e > .kt-inside-inner-col{flex-direction:column;}.kadence-column202_c882ac-7e > .kt-inside-inner-col > .aligncenter{width:100%;}.kadence-column202_c882ac-7e > .kt-inside-inner-col:before{opacity:0.3;}.kadence-column202_c882ac-7e{position:relative;}@media all and (max-width: 1024px){.kadence-column202_c882ac-7e > .kt-inside-inner-col{flex-direction:column;justify-content:center;}}@media all and (max-width: 767px){.kadence-column202_c882ac-7e > .kt-inside-inner-col{flex-direction:column;justify-content:center;}}<\/style>\n<div class=\"wp-block-kadence-column kadence-column202_c882ac-7e\"><div class=\"kt-inside-inner-col\"><style>.kt-post-loop202_b579ef-13 .kadence-post-image{padding-top:var(--global-kb-spacing-sm, 1.5rem);padding-right:var(--global-kb-spacing-sm, 1.5rem);padding-bottom:var(--global-kb-spacing-sm, 1.5rem);padding-left:var(--global-kb-spacing-sm, 1.5rem);}.kt-post-loop202_b579ef-13 .kt-feat-image-align-left{grid-template-columns:45% auto;}.kt-post-loop202_b579ef-13 .kt-post-grid-wrap{gap:30px 30px;}.kt-post-loop202_b579ef-13 .kt-blocks-post-grid-item{border-top-left-radius:0px;border-top-right-radius:0px;border-bottom-right-radius:0px;border-bottom-left-radius:0px;border-top:0px solid #eeeeee;border-right:0px solid #eeeeee;border-bottom:0px solid #eeeeee;border-left:0px solid #eeeeee;overflow:hidden;}.kt-post-loop202_b579ef-13 .kt-blocks-post-grid-item .kt-blocks-post-grid-item-inner{padding-top:15px;padding-right:15px;padding-bottom:15px;padding-left:15px;}.kt-post-loop202_b579ef-13 .kt-blocks-post-grid-item header{padding-top:0px;padding-right:0px;padding-bottom:10px;padding-left:0px;margin-top:0px;margin-right:0px;margin-bottom:0px;margin-left:0px;}.kt-post-loop202_b579ef-13 .kt-blocks-post-grid-item .kt-blocks-above-categories{font-size:16px;}.kt-post-loop202_b579ef-13 .kt-blocks-post-grid-item .entry-title{padding-top:10px;padding-right:0px;padding-bottom:5px;padding-left:0px;margin-top:0px;margin-right:0px;margin-bottom:0px;margin-left:0px;font-size:40px;line-height:40px;}.kt-post-loop202_b579ef-13 .kt-blocks-post-grid-item .kt-blocks-post-top-meta{color:#777777;}.kt-post-loop202_b579ef-13 .kt-blocks-post-grid-item .kt-blocks-post-top-meta a{color:#777777;}.kt-post-loop202_b579ef-13 .kt-blocks-post-grid-item .kt-blocks-post-top-meta a:hover{color:#444444;}.kt-post-loop202_b579ef-13 .entry-content{padding-top:0px;padding-right:0px;padding-bottom:0px;padding-left:0px;margin-top:0px;margin-right:0px;margin-bottom:0px;margin-left:0px;}.kt-post-loop202_b579ef-13 .kt-blocks-post-footer{color:#777777;border-top-width:0px;border-right-width:0px;border-bottom-width:0px;border-left-width:0px;padding-top:0px;padding-right:0px;padding-bottom:0px;padding-left:0px;margin-top:0px;margin-right:0px;margin-bottom:0px;margin-left:0px;font-size:12px;line-height:20px;}.kt-post-loop202_b579ef-13 .entry-content:after{height:0px;}.kt-post-loop202_b579ef-13 .kt-blocks-post-footer a{color:#777777;}.kt-post-loop202_b579ef-13 .kt-blocks-post-footer a:hover{color:#444444;}.kt-post-loop202_b579ef-13 .entry-content .kt-blocks-post-readmore{background-color:var(--global-palette1, #3182CE);border-color:var(--global-palette1, #3182CE);color:var(--global-palette9, #ffffff);border-radius:50px;padding-top:10px;padding-right:30px;padding-bottom:10px;padding-left:30px;margin-top:12px;margin-right:0px;margin-bottom:25px;margin-left:0px;font-size:var(--global-kb-font-size-sm, 0.9rem);}.kt-post-loop202_b579ef-13 .entry-content .kt-blocks-post-readmore:hover{color:var(--global-palette9, #ffffff);border-color:var(--global-palette9, #ffffff);background-color:var(--global-palette1, #3182CE);}.kt-post-loop202_b579ef-13 .kb-filter-item{border-top-width:0px;border-right-width:0px;border-bottom-width:2px;border-left-width:0px;padding-top:5px;padding-right:8px;padding-bottom:5px;padding-left:8px;margin-top:0px;margin-right:10px;margin-bottom:0px;margin-left:0px;}@media all and (max-width: 1024px){.kt-post-loop202_b579ef-13 .kt-blocks-post-grid-item{border-top:0px solid #eeeeee;border-right:0px solid #eeeeee;border-bottom:0px solid #eeeeee;border-left:0px solid #eeeeee;}}@media all and (max-width: 767px){.kt-post-loop202_b579ef-13 .kt-blocks-post-grid-item{border-top:0px solid #eeeeee;border-right:0px solid #eeeeee;border-bottom:0px solid #eeeeee;border-left:0px solid #eeeeee;}}<\/style><div class=\"wp-block-kadence-postgrid kt-blocks-post-loop-block alignnone kt-post-loop202_b579ef-13 kt-post-grid-layout-grid \"><div class=\"kt-post-grid-layout-grid-wrap kt-post-grid-wrap\" data-columns-xxl=\"1\" data-columns-xl=\"1\" data-columns-md=\"1\" data-columns-sm=\"1\" data-columns-xs=\"1\" data-columns-ss=\"1\"data-item-selector=\".kt-post-masonry-item\" aria-label=\"Post Carousel\"><article class=\"kt-blocks-post-grid-item post-331 post type-post status-publish format-standard has-post-thumbnail hentry category-aktualnosci\"><div class=\"kt-blocks-post-grid-item-inner-wrap kt-feat-image-align-left kt-feat-image-mobile-align-top\"><div class=\"kadence-post-image\"><div class=\"kadence-post-image-intrisic kt-image-ratio-56-25\" style=\"padding-bottom:56.25%;\"><div class=\"kadence-post-image-inner-intrisic\"><a aria-hidden=\"true\" tabindex=\"-1\" role=\"presentation\" href=\"https:\/\/mathriders.pl\/sycow\/aktualnosci\/bezplatne-lekcje-pokazowe\/\" aria-label=\"Bezp\u0142atne lekcje pokazowe\" class=\"kadence-post-image-inner-wrap\"><img loading=\"lazy\" decoding=\"async\" width=\"1024\" height=\"436\" src=\"https:\/\/mathriders.pl\/sycow\/wp-content\/uploads\/sites\/65\/2023\/11\/bezplatne-lekcje-1024x436.webp\" class=\"attachment-large size-large wp-post-image\" alt=\"\" srcset=\"https:\/\/mathriders.pl\/sycow\/wp-content\/uploads\/sites\/65\/2023\/11\/bezplatne-lekcje-1024x436.webp 1024w, https:\/\/mathriders.pl\/sycow\/wp-content\/uploads\/sites\/65\/2023\/11\/bezplatne-lekcje-300x128.webp 300w, https:\/\/mathriders.pl\/sycow\/wp-content\/uploads\/sites\/65\/2023\/11\/bezplatne-lekcje-768x327.webp 768w, https:\/\/mathriders.pl\/sycow\/wp-content\/uploads\/sites\/65\/2023\/11\/bezplatne-lekcje.webp 1530w\" sizes=\"auto, (max-width: 1024px) 100vw, 1024px\" \/><\/a><\/div><\/div><\/div><div class=\"kt-blocks-post-grid-item-inner\"><header><h3 class=\"entry-title\"><a href=\"https:\/\/mathriders.pl\/sycow\/aktualnosci\/bezplatne-lekcje-pokazowe\/\">Bezp\u0142atne lekcje pokazowe<\/a><\/h3><div class=\"kt-blocks-post-top-meta\"><div class=\"kt-blocks-date\"><span class=\"kt-blocks-date-pretext\">Opublikowano: <\/span><time datetime=\"2022-08-20T08:38:00+02:00\" class=\"kt-blocks-post-date\">2022-08-20<\/time><\/div><\/div><\/header><div class=\"entry-content\"><div class=\"kt-blocks-post-readmore-wrap\"><a class=\"kt-blocks-post-readmore\" href=\"https:\/\/mathriders.pl\/sycow\/aktualnosci\/bezplatne-lekcje-pokazowe\/\">Czytaj wi\u0119cej<span class=\"screen-reader-text\"> Bezp\u0142atne lekcje pokazowe<\/span><\/a><\/div><\/div><footer class=\"kt-blocks-post-footer\"><div class=\"kt-blocks-post-footer-left\"><\/div><div class=\"kt-blocks-post-footer-right\"><\/div><\/footer><\/div><\/div><\/article><article class=\"kt-blocks-post-grid-item post-328 post type-post status-publish format-standard has-post-thumbnail hentry category-aktualnosci\"><div class=\"kt-blocks-post-grid-item-inner-wrap kt-feat-image-align-left kt-feat-image-mobile-align-top\"><div class=\"kadence-post-image\"><div class=\"kadence-post-image-intrisic kt-image-ratio-56-25\" style=\"padding-bottom:56.25%;\"><div class=\"kadence-post-image-inner-intrisic\"><a aria-hidden=\"true\" tabindex=\"-1\" role=\"presentation\" href=\"https:\/\/mathriders.pl\/sycow\/aktualnosci\/korzysci-nauki-w-malych-grupach\/\" aria-label=\"Korzy\u015bci nauki w ma\u0142ych grupach\" class=\"kadence-post-image-inner-wrap\"><img loading=\"lazy\" decoding=\"async\" width=\"1024\" height=\"436\" src=\"https:\/\/mathriders.pl\/sycow\/wp-content\/uploads\/sites\/65\/2023\/11\/male-grupy-1024x436.webp\" class=\"attachment-large size-large wp-post-image\" alt=\"\" srcset=\"https:\/\/mathriders.pl\/sycow\/wp-content\/uploads\/sites\/65\/2023\/11\/male-grupy-1024x436.webp 1024w, https:\/\/mathriders.pl\/sycow\/wp-content\/uploads\/sites\/65\/2023\/11\/male-grupy-300x128.webp 300w, https:\/\/mathriders.pl\/sycow\/wp-content\/uploads\/sites\/65\/2023\/11\/male-grupy-768x327.webp 768w, https:\/\/mathriders.pl\/sycow\/wp-content\/uploads\/sites\/65\/2023\/11\/male-grupy.webp 1530w\" sizes=\"auto, (max-width: 1024px) 100vw, 1024px\" \/><\/a><\/div><\/div><\/div><div class=\"kt-blocks-post-grid-item-inner\"><header><h3 class=\"entry-title\"><a href=\"https:\/\/mathriders.pl\/sycow\/aktualnosci\/korzysci-nauki-w-malych-grupach\/\">Korzy\u015bci nauki w ma\u0142ych grupach<\/a><\/h3><div class=\"kt-blocks-post-top-meta\"><div class=\"kt-blocks-date\"><span class=\"kt-blocks-date-pretext\">Opublikowano: <\/span><time datetime=\"2022-08-20T08:36:00+02:00\" class=\"kt-blocks-post-date\">2022-08-20<\/time><\/div><\/div><\/header><div class=\"entry-content\"><div class=\"kt-blocks-post-readmore-wrap\"><a class=\"kt-blocks-post-readmore\" href=\"https:\/\/mathriders.pl\/sycow\/aktualnosci\/korzysci-nauki-w-malych-grupach\/\">Czytaj wi\u0119cej<span class=\"screen-reader-text\"> Korzy\u015bci nauki w ma\u0142ych grupach<\/span><\/a><\/div><\/div><footer class=\"kt-blocks-post-footer\"><div class=\"kt-blocks-post-footer-left\"><\/div><div class=\"kt-blocks-post-footer-right\"><\/div><\/footer><\/div><\/div><\/article><article class=\"kt-blocks-post-grid-item post-1 post type-post status-publish format-standard has-post-thumbnail hentry category-aktualnosci\"><div class=\"kt-blocks-post-grid-item-inner-wrap kt-feat-image-align-left kt-feat-image-mobile-align-top\"><div class=\"kadence-post-image\"><div class=\"kadence-post-image-intrisic kt-image-ratio-56-25\" style=\"padding-bottom:56.25%;\"><div class=\"kadence-post-image-inner-intrisic\"><a aria-hidden=\"true\" tabindex=\"-1\" role=\"presentation\" href=\"https:\/\/mathriders.pl\/sycow\/aktualnosci\/letnia-promocja-kursow-mathriders-dla-nowych-uczniow\/\" aria-label=\"Letnia promocja kurs\u00f3w MathRiders dla nowych uczni\u00f3w\" class=\"kadence-post-image-inner-wrap\"><img loading=\"lazy\" decoding=\"async\" width=\"1024\" height=\"436\" src=\"https:\/\/mathriders.pl\/sycow\/wp-content\/uploads\/sites\/65\/2022\/08\/letnia-promocja-1024x436.webp\" class=\"attachment-large size-large wp-post-image\" alt=\"\" srcset=\"https:\/\/mathriders.pl\/sycow\/wp-content\/uploads\/sites\/65\/2022\/08\/letnia-promocja-1024x436.webp 1024w, https:\/\/mathriders.pl\/sycow\/wp-content\/uploads\/sites\/65\/2022\/08\/letnia-promocja-300x128.webp 300w, https:\/\/mathriders.pl\/sycow\/wp-content\/uploads\/sites\/65\/2022\/08\/letnia-promocja-768x327.webp 768w, https:\/\/mathriders.pl\/sycow\/wp-content\/uploads\/sites\/65\/2022\/08\/letnia-promocja.webp 1530w\" sizes=\"auto, (max-width: 1024px) 100vw, 1024px\" \/><\/a><\/div><\/div><\/div><div class=\"kt-blocks-post-grid-item-inner\"><header><h3 class=\"entry-title\"><a href=\"https:\/\/mathriders.pl\/sycow\/aktualnosci\/letnia-promocja-kursow-mathriders-dla-nowych-uczniow\/\">Letnia promocja kurs\u00f3w MathRiders dla nowych uczni\u00f3w<\/a><\/h3><div class=\"kt-blocks-post-top-meta\"><div class=\"kt-blocks-date\"><span class=\"kt-blocks-date-pretext\">Opublikowano: <\/span><time datetime=\"2022-07-16T14:41:00+02:00\" class=\"kt-blocks-post-date\">2022-07-16<\/time><\/div><\/div><\/header><div class=\"entry-content\"><div class=\"kt-blocks-post-readmore-wrap\"><a class=\"kt-blocks-post-readmore\" href=\"https:\/\/mathriders.pl\/sycow\/aktualnosci\/letnia-promocja-kursow-mathriders-dla-nowych-uczniow\/\">Czytaj wi\u0119cej<span class=\"screen-reader-text\"> Letnia promocja kurs\u00f3w MathRiders dla nowych uczni\u00f3w<\/span><\/a><\/div><\/div><footer class=\"kt-blocks-post-footer\"><div class=\"kt-blocks-post-footer-left\"><\/div><div class=\"kt-blocks-post-footer-right\"><\/div><\/footer><\/div><\/div><\/article><\/div><\/div><!-- .wp-block-kadence-postgrid --><\/div><\/div>\n\n<\/div><\/div>","protected":false},"excerpt":{"rendered":"<p>Aktualno\u015bci Syc\u00f3w<\/p>\n","protected":false},"author":1,"featured_media":0,"parent":0,"menu_order":0,"comment_status":"closed","ping_status":"closed","template":"","meta":{"_acf_changed":false,"_kad_blocks_custom_css":"","_kad_blocks_head_custom_js":"","_kad_blocks_body_custom_js":"","_kad_blocks_footer_custom_js":"","_kad_post_transparent":"","_kad_post_title":"","_kad_post_layout":"","_kad_post_sidebar_id":"","_kad_post_content_style":"","_kad_post_vertical_padding":"","_kad_post_feature":"","_kad_post_feature_position":"","_kad_post_header":false,"_kad_post_footer":false,"_kad_post_classname":"","footnotes":""},"class_list":["post-202","page","type-page","status-publish","hentry"],"acf":[],"yoast_head":"<!-- This site is optimized with the Yoast SEO plugin v27.0 - https:\/\/yoast.com\/product\/yoast-seo-wordpress\/ -->\n<title>Aktualno\u015bci - Syc\u00f3w<\/title>\n<meta name=\"robots\" content=\"index, follow, max-snippet:-1, max-image-preview:large, max-video-preview:-1\" \/>\n<link rel=\"canonical\" href=\"https:\/\/mathriders.pl\/sycow\/aktualnosci\/\" \/>\n<meta property=\"og:locale\" content=\"pl_PL\" \/>\n<meta property=\"og:type\" content=\"article\" \/>\n<meta property=\"og:title\" content=\"Aktualno\u015bci - Syc\u00f3w\" \/>\n<meta property=\"og:description\" content=\"Aktualno\u015bci Syc\u00f3w\" \/>\n<meta property=\"og:url\" content=\"https:\/\/mathriders.pl\/sycow\/aktualnosci\/\" \/>\n<meta property=\"og:site_name\" content=\"Syc\u00f3w\" \/>\n<meta property=\"article:modified_time\" content=\"2025-09-10T08:25:34+00:00\" \/>\n<meta name=\"twitter:card\" content=\"summary_large_image\" \/>\n<meta name=\"twitter:label1\" content=\"Szacowany czas czytania\" \/>\n\t<meta name=\"twitter:data1\" content=\"1 minuta\" \/>\n<script type=\"application\/ld+json\" class=\"yoast-schema-graph\">{\"@context\":\"https:\/\/schema.org\",\"@graph\":[{\"@type\":\"WebPage\",\"@id\":\"https:\/\/mathriders.pl\/sycow\/aktualnosci\/\",\"url\":\"https:\/\/mathriders.pl\/sycow\/aktualnosci\/\",\"name\":\"Aktualno\u015bci - Syc\u00f3w\",\"isPartOf\":{\"@id\":\"https:\/\/mathriders.pl\/sycow\/#website\"},\"datePublished\":\"2023-11-23T09:23:28+00:00\",\"dateModified\":\"2025-09-10T08:25:34+00:00\",\"breadcrumb\":{\"@id\":\"https:\/\/mathriders.pl\/sycow\/aktualnosci\/#breadcrumb\"},\"inLanguage\":\"pl-PL\",\"potentialAction\":[{\"@type\":\"ReadAction\",\"target\":[\"https:\/\/mathriders.pl\/sycow\/aktualnosci\/\"]}]},{\"@type\":\"BreadcrumbList\",\"@id\":\"https:\/\/mathriders.pl\/sycow\/aktualnosci\/#breadcrumb\",\"itemListElement\":[{\"@type\":\"ListItem\",\"position\":1,\"name\":\"Strona g\u0142\u00f3wna\",\"item\":\"https:\/\/mathriders.pl\/sycow\/\"},{\"@type\":\"ListItem\",\"position\":2,\"name\":\"Aktualno\u015bci\"}]},{\"@type\":\"WebSite\",\"@id\":\"https:\/\/mathriders.pl\/sycow\/#website\",\"url\":\"https:\/\/mathriders.pl\/sycow\/\",\"name\":\"Syc\u00f3w\",\"description\":\"\",\"publisher\":{\"@id\":\"https:\/\/mathriders.pl\/sycow\/#organization\"},\"potentialAction\":[{\"@type\":\"SearchAction\",\"target\":{\"@type\":\"EntryPoint\",\"urlTemplate\":\"https:\/\/mathriders.pl\/sycow\/?s={search_term_string}\"},\"query-input\":{\"@type\":\"PropertyValueSpecification\",\"valueRequired\":true,\"valueName\":\"search_term_string\"}}],\"inLanguage\":\"pl-PL\"},{\"@type\":\"Organization\",\"@id\":\"https:\/\/mathriders.pl\/sycow\/#organization\",\"name\":\"Syc\u00f3w\",\"url\":\"https:\/\/mathriders.pl\/sycow\/\",\"logo\":{\"@type\":\"ImageObject\",\"inLanguage\":\"pl-PL\",\"@id\":\"https:\/\/mathriders.pl\/sycow\/#\/schema\/logo\/image\/\",\"url\":\"https:\/\/mathriders.pl\/sycow\/wp-content\/uploads\/sites\/65\/2023\/11\/logo.webp\",\"contentUrl\":\"https:\/\/mathriders.pl\/sycow\/wp-content\/uploads\/sites\/65\/2023\/11\/logo.webp\",\"width\":157,\"height\":82,\"caption\":\"Syc\u00f3w\"},\"image\":{\"@id\":\"https:\/\/mathriders.pl\/sycow\/#\/schema\/logo\/image\/\"}}]}<\/script>\n<!-- \/ Yoast SEO plugin. -->","yoast_head_json":{"title":"Aktualno\u015bci - Syc\u00f3w","robots":{"index":"index","follow":"follow","max-snippet":"max-snippet:-1","max-image-preview":"max-image-preview:large","max-video-preview":"max-video-preview:-1"},"canonical":"https:\/\/mathriders.pl\/sycow\/aktualnosci\/","og_locale":"pl_PL","og_type":"article","og_title":"Aktualno\u015bci - Syc\u00f3w","og_description":"Aktualno\u015bci Syc\u00f3w","og_url":"https:\/\/mathriders.pl\/sycow\/aktualnosci\/","og_site_name":"Syc\u00f3w","article_modified_time":"2025-09-10T08:25:34+00:00","twitter_card":"summary_large_image","twitter_misc":{"Szacowany czas czytania":"1 minuta"},"schema":{"@context":"https:\/\/schema.org","@graph":[{"@type":"WebPage","@id":"https:\/\/mathriders.pl\/sycow\/aktualnosci\/","url":"https:\/\/mathriders.pl\/sycow\/aktualnosci\/","name":"Aktualno\u015bci - Syc\u00f3w","isPartOf":{"@id":"https:\/\/mathriders.pl\/sycow\/#website"},"datePublished":"2023-11-23T09:23:28+00:00","dateModified":"2025-09-10T08:25:34+00:00","breadcrumb":{"@id":"https:\/\/mathriders.pl\/sycow\/aktualnosci\/#breadcrumb"},"inLanguage":"pl-PL","potentialAction":[{"@type":"ReadAction","target":["https:\/\/mathriders.pl\/sycow\/aktualnosci\/"]}]},{"@type":"BreadcrumbList","@id":"https:\/\/mathriders.pl\/sycow\/aktualnosci\/#breadcrumb","itemListElement":[{"@type":"ListItem","position":1,"name":"Strona g\u0142\u00f3wna","item":"https:\/\/mathriders.pl\/sycow\/"},{"@type":"ListItem","position":2,"name":"Aktualno\u015bci"}]},{"@type":"WebSite","@id":"https:\/\/mathriders.pl\/sycow\/#website","url":"https:\/\/mathriders.pl\/sycow\/","name":"Syc\u00f3w","description":"","publisher":{"@id":"https:\/\/mathriders.pl\/sycow\/#organization"},"potentialAction":[{"@type":"SearchAction","target":{"@type":"EntryPoint","urlTemplate":"https:\/\/mathriders.pl\/sycow\/?s={search_term_string}"},"query-input":{"@type":"PropertyValueSpecification","valueRequired":true,"valueName":"search_term_string"}}],"inLanguage":"pl-PL"},{"@type":"Organization","@id":"https:\/\/mathriders.pl\/sycow\/#organization","name":"Syc\u00f3w","url":"https:\/\/mathriders.pl\/sycow\/","logo":{"@type":"ImageObject","inLanguage":"pl-PL","@id":"https:\/\/mathriders.pl\/sycow\/#\/schema\/logo\/image\/","url":"https:\/\/mathriders.pl\/sycow\/wp-content\/uploads\/sites\/65\/2023\/11\/logo.webp","contentUrl":"https:\/\/mathriders.pl\/sycow\/wp-content\/uploads\/sites\/65\/2023\/11\/logo.webp","width":157,"height":82,"caption":"Syc\u00f3w"},"image":{"@id":"https:\/\/mathriders.pl\/sycow\/#\/schema\/logo\/image\/"}}]}},"taxonomy_info":[],"featured_image_src_large":false,"author_info":{"display_name":"gootek","author_link":"https:\/\/mathriders.pl\/sycow\/aktualnosci\/author\/gootek\/"},"comment_info":0,"_links":{"self":[{"href":"https:\/\/mathriders.pl\/sycow\/wp-json\/wp\/v2\/pages\/202","targetHints":{"allow":["GET"]}}],"collection":[{"href":"https:\/\/mathriders.pl\/sycow\/wp-json\/wp\/v2\/pages"}],"about":[{"href":"https:\/\/mathriders.pl\/sycow\/wp-json\/wp\/v2\/types\/page"}],"author":[{"embeddable":true,"href":"https:\/\/mathriders.pl\/sycow\/wp-json\/wp\/v2\/users\/1"}],"replies":[{"embeddable":true,"href":"https:\/\/mathriders.pl\/sycow\/wp-json\/wp\/v2\/comments?post=202"}],"version-history":[{"count":17,"href":"https:\/\/mathriders.pl\/sycow\/wp-json\/wp\/v2\/pages\/202\/revisions"}],"predecessor-version":[{"id":465,"href":"https:\/\/mathriders.pl\/sycow\/wp-json\/wp\/v2\/pages\/202\/revisions\/465"}],"wp:attachment":[{"href":"https:\/\/mathriders.pl\/sycow\/wp-json\/wp\/v2\/media?parent=202"}],"curies":[{"name":"wp","href":"https:\/\/api.w.org\/{rel}","templated":true}]}}