{"id":413,"date":"2024-04-05T14:50:49","date_gmt":"2024-04-05T12:50:49","guid":{"rendered":"https:\/\/mathriders.pl\/sroda-wielkopolska\/?page_id=413"},"modified":"2024-08-19T20:51:21","modified_gmt":"2024-08-19T18:51:21","slug":"dane-firmowe","status":"publish","type":"page","link":"https:\/\/mathriders.pl\/sroda-wielkopolska\/dane-firmowe\/","title":{"rendered":"Dane firmowe"},"content":{"rendered":"<style>.kb-row-layout-id413_d1cd6d-c5 > .kt-row-column-wrap{align-content:start;}:where(.kb-row-layout-id413_d1cd6d-c5 > .kt-row-column-wrap) > .wp-block-kadence-column{justify-content:start;}.kb-row-layout-id413_d1cd6d-c5 > .kt-row-column-wrap{column-gap:var(--global-kb-gap-md, 2rem);row-gap:var(--global-kb-gap-md, 2rem);max-width:var( --global-content-width, 1290px );padding-left:var(--global-content-edge-padding);padding-right:var(--global-content-edge-padding);padding-top:var(--global-kb-spacing-5xl, 10rem);padding-bottom:var(--global-kb-spacing-lg, 3rem);grid-template-columns:minmax(0, 1fr);}.kb-row-layout-id413_d1cd6d-c5 > .kt-row-layout-overlay{opacity:0.30;}@media all and (max-width: 1024px){.kb-row-layout-id413_d1cd6d-c5 > .kt-row-column-wrap{grid-template-columns:minmax(0, 1fr);}}@media all and (max-width: 767px){.kb-row-layout-id413_d1cd6d-c5 > .kt-row-column-wrap{grid-template-columns:minmax(0, 1fr);}}<\/style><div class=\"kb-row-layout-wrap kb-row-layout-id413_d1cd6d-c5 alignfull wp-block-kadence-rowlayout\"><div class=\"kt-row-column-wrap kt-has-1-columns kt-row-layout-equal kt-tab-layout-inherit kt-mobile-layout-row kt-row-valign-top kb-theme-content-width\">\n<style>.kadence-column413_f20c98-02 > .kt-inside-inner-col,.kadence-column413_f20c98-02 > .kt-inside-inner-col:before{border-top-left-radius:0px;border-top-right-radius:0px;border-bottom-right-radius:0px;border-bottom-left-radius:0px;}.kadence-column413_f20c98-02 > .kt-inside-inner-col{column-gap:var(--global-kb-gap-sm, 1rem);}.kadence-column413_f20c98-02 > .kt-inside-inner-col{flex-direction:column;}.kadence-column413_f20c98-02 > .kt-inside-inner-col > .aligncenter{width:100%;}.kadence-column413_f20c98-02 > .kt-inside-inner-col:before{opacity:0.3;}.kadence-column413_f20c98-02{position:relative;}@media all and (max-width: 1024px){.kadence-column413_f20c98-02 > .kt-inside-inner-col{flex-direction:column;justify-content:center;}}@media all and (max-width: 767px){.kadence-column413_f20c98-02 > .kt-inside-inner-col{flex-direction:column;justify-content:center;}}<\/style>\n<div class=\"wp-block-kadence-column kadence-column413_f20c98-02\"><div class=\"kt-inside-inner-col\"><style>.wp-block-kadence-advancedheading.kt-adv-heading413_b8fad4-11, .wp-block-kadence-advancedheading.kt-adv-heading413_b8fad4-11[data-kb-block=\"kb-adv-heading413_b8fad4-11\"]{text-align:center;font-weight:400;font-style:normal;font-family:Poppins;}.wp-block-kadence-advancedheading.kt-adv-heading413_b8fad4-11 mark.kt-highlight, .wp-block-kadence-advancedheading.kt-adv-heading413_b8fad4-11[data-kb-block=\"kb-adv-heading413_b8fad4-11\"] mark.kt-highlight{font-style:normal;color:#f76a0c;-webkit-box-decoration-break:clone;box-decoration-break:clone;padding-top:0px;padding-right:0px;padding-bottom:0px;padding-left:0px;}.wp-block-kadence-advancedheading.kt-adv-heading413_b8fad4-11 img.kb-inline-image, .wp-block-kadence-advancedheading.kt-adv-heading413_b8fad4-11[data-kb-block=\"kb-adv-heading413_b8fad4-11\"] img.kb-inline-image{width:150px;vertical-align:baseline;}<\/style>\n<h1 class=\"kt-adv-heading413_b8fad4-11 wp-block-kadence-advancedheading\" data-kb-block=\"kb-adv-heading413_b8fad4-11\"><strong>Dane firmowe <\/strong><\/h1>\n\n\n<style>.wp-block-kadence-advancedheading.kt-adv-heading413_ee41bc-aa, .wp-block-kadence-advancedheading.kt-adv-heading413_ee41bc-aa[data-kb-block=\"kb-adv-heading413_ee41bc-aa\"]{text-align:center;font-size:30px;line-height:1.6em;font-weight:400;font-style:normal;font-family:Poppins;}.wp-block-kadence-advancedheading.kt-adv-heading413_ee41bc-aa mark.kt-highlight, .wp-block-kadence-advancedheading.kt-adv-heading413_ee41bc-aa[data-kb-block=\"kb-adv-heading413_ee41bc-aa\"] mark.kt-highlight{font-style:normal;color:#f76a0c;-webkit-box-decoration-break:clone;box-decoration-break:clone;padding-top:0px;padding-right:0px;padding-bottom:0px;padding-left:0px;}.wp-block-kadence-advancedheading.kt-adv-heading413_ee41bc-aa img.kb-inline-image, .wp-block-kadence-advancedheading.kt-adv-heading413_ee41bc-aa[data-kb-block=\"kb-adv-heading413_ee41bc-aa\"] img.kb-inline-image{width:150px;vertical-align:baseline;}@media all and (max-width: 1024px){.wp-block-kadence-advancedheading.kt-adv-heading413_ee41bc-aa, .wp-block-kadence-advancedheading.kt-adv-heading413_ee41bc-aa[data-kb-block=\"kb-adv-heading413_ee41bc-aa\"]{font-size:24px;}}<\/style>\n<h2 class=\"kt-adv-heading413_ee41bc-aa wp-block-kadence-advancedheading\" data-kb-block=\"kb-adv-heading413_ee41bc-aa\"><strong>Studio Edukacji PRZYSZ\u0141O\u015a\u0106 Anna Duda-Szyma\u0144ska<\/strong><\/h2>\n\n\n<style>.wp-block-kadence-advancedheading.kt-adv-heading413_e10da0-67, .wp-block-kadence-advancedheading.kt-adv-heading413_e10da0-67[data-kb-block=\"kb-adv-heading413_e10da0-67\"]{text-align:center;font-size:30px;line-height:1.6em;font-weight:400;font-style:normal;font-family:Poppins;}.wp-block-kadence-advancedheading.kt-adv-heading413_e10da0-67 mark.kt-highlight, .wp-block-kadence-advancedheading.kt-adv-heading413_e10da0-67[data-kb-block=\"kb-adv-heading413_e10da0-67\"] mark.kt-highlight{font-style:normal;color:#f76a0c;-webkit-box-decoration-break:clone;box-decoration-break:clone;padding-top:0px;padding-right:0px;padding-bottom:0px;padding-left:0px;}.wp-block-kadence-advancedheading.kt-adv-heading413_e10da0-67 img.kb-inline-image, .wp-block-kadence-advancedheading.kt-adv-heading413_e10da0-67[data-kb-block=\"kb-adv-heading413_e10da0-67\"] img.kb-inline-image{width:150px;vertical-align:baseline;}@media all and (max-width: 1024px){.wp-block-kadence-advancedheading.kt-adv-heading413_e10da0-67, .wp-block-kadence-advancedheading.kt-adv-heading413_e10da0-67[data-kb-block=\"kb-adv-heading413_e10da0-67\"]{font-size:24px;}}<\/style>\n<h2 class=\"kt-adv-heading413_e10da0-67 wp-block-kadence-advancedheading\" data-kb-block=\"kb-adv-heading413_e10da0-67\">Os. Prymasa Wyszy\u0144skiego 5, lokal 4-5, 63-000 \u015aroda Wielkopolska<br>NIP 786 158 31 71<\/h2>\n\n\n\n<p><\/p>\n\n\n<style>.wp-block-kadence-advancedheading.kt-adv-heading413_8ff409-62, .wp-block-kadence-advancedheading.kt-adv-heading413_8ff409-62[data-kb-block=\"kb-adv-heading413_8ff409-62\"]{text-align:center;font-size:var(--global-kb-font-size-lg, 2rem);font-style:normal;}.wp-block-kadence-advancedheading.kt-adv-heading413_8ff409-62 mark.kt-highlight, .wp-block-kadence-advancedheading.kt-adv-heading413_8ff409-62[data-kb-block=\"kb-adv-heading413_8ff409-62\"] mark.kt-highlight{font-style:normal;color:#f76a0c;-webkit-box-decoration-break:clone;box-decoration-break:clone;padding-top:0px;padding-right:0px;padding-bottom:0px;padding-left:0px;}.wp-block-kadence-advancedheading.kt-adv-heading413_8ff409-62 img.kb-inline-image, .wp-block-kadence-advancedheading.kt-adv-heading413_8ff409-62[data-kb-block=\"kb-adv-heading413_8ff409-62\"] img.kb-inline-image{width:150px;vertical-align:baseline;}<\/style>\n<h2 class=\"kt-adv-heading413_8ff409-62 wp-block-kadence-advancedheading\" data-kb-block=\"kb-adv-heading413_8ff409-62\">PRZYSZ\u0141O\u015a\u0106 Centrum Edukacji Sp. z o.o.<\/h2>\n\n\n\n<p class=\"has-text-align-center has-large-font-size\">Strzeszki 12f, 63-000 \u015aroda Wielkopolska<\/p>\n\n\n\n<p class=\"has-text-align-center has-large-font-size\">NIP 786 172 54 70<\/p>\n\n\n\n<p class=\"has-large-font-size\"><\/p>\n<\/div><\/div>\n\n<\/div><\/div>","protected":false},"excerpt":{"rendered":"<p>Dane firmowe Studio Edukacji PRZYSZ\u0141O\u015a\u0106 Anna Duda-Szyma\u0144ska Os. Prymasa Wyszy\u0144skiego 5, lokal 4-5, 63-000 \u015aroda WielkopolskaNIP 786 158 31 71 PRZYSZ\u0141O\u015a\u0106 Centrum Edukacji Sp. z o.o. Strzeszki 12f, 63-000 \u015aroda Wielkopolska NIP 786 172 54 70<\/p>\n","protected":false},"author":6,"featured_media":0,"parent":0,"menu_order":0,"comment_status":"closed","ping_status":"closed","template":"","meta":{"_acf_changed":false,"_kad_blocks_custom_css":"","_kad_blocks_head_custom_js":"","_kad_blocks_body_custom_js":"","_kad_blocks_footer_custom_js":"","_kad_post_transparent":"","_kad_post_title":"","_kad_post_layout":"","_kad_post_sidebar_id":"","_kad_post_content_style":"","_kad_post_vertical_padding":"","_kad_post_feature":"","_kad_post_feature_position":"","_kad_post_header":false,"_kad_post_footer":false,"_kad_post_classname":"","footnotes":""},"class_list":["post-413","page","type-page","status-publish","hentry"],"acf":[],"yoast_head":"<!-- This site is optimized with the Yoast SEO plugin v27.0 - https:\/\/yoast.com\/product\/yoast-seo-wordpress\/ -->\n<title>Dane firmowe - \u015aroda Wielkopolska<\/title>\n<meta name=\"robots\" content=\"index, follow, max-snippet:-1, max-image-preview:large, max-video-preview:-1\" \/>\n<link rel=\"canonical\" href=\"https:\/\/mathriders.pl\/sroda-wielkopolska\/dane-firmowe\/\" \/>\n<meta property=\"og:locale\" content=\"pl_PL\" \/>\n<meta property=\"og:type\" content=\"article\" \/>\n<meta property=\"og:title\" content=\"Dane firmowe - \u015aroda Wielkopolska\" \/>\n<meta property=\"og:description\" content=\"Dane firmowe Studio Edukacji PRZYSZ\u0141O\u015a\u0106 Anna Duda-Szyma\u0144ska Os. Prymasa Wyszy\u0144skiego 5, lokal 4-5, 63-000 \u015aroda WielkopolskaNIP 786 158 31 71 PRZYSZ\u0141O\u015a\u0106 Centrum Edukacji Sp. z o.o. Strzeszki 12f, 63-000 \u015aroda Wielkopolska NIP 786 172 54 70\" \/>\n<meta property=\"og:url\" content=\"https:\/\/mathriders.pl\/sroda-wielkopolska\/dane-firmowe\/\" \/>\n<meta property=\"og:site_name\" content=\"\u015aroda Wielkopolska\" \/>\n<meta property=\"article:modified_time\" content=\"2024-08-19T18:51:21+00:00\" \/>\n<meta name=\"twitter:card\" content=\"summary_large_image\" \/>\n<meta name=\"twitter:label1\" content=\"Szacowany czas czytania\" \/>\n\t<meta name=\"twitter:data1\" content=\"1 minuta\" \/>\n<script type=\"application\/ld+json\" class=\"yoast-schema-graph\">{\"@context\":\"https:\/\/schema.org\",\"@graph\":[{\"@type\":\"WebPage\",\"@id\":\"https:\/\/mathriders.pl\/sroda-wielkopolska\/dane-firmowe\/\",\"url\":\"https:\/\/mathriders.pl\/sroda-wielkopolska\/dane-firmowe\/\",\"name\":\"Dane firmowe - \u015aroda Wielkopolska\",\"isPartOf\":{\"@id\":\"https:\/\/mathriders.pl\/sroda-wielkopolska\/#website\"},\"datePublished\":\"2024-04-05T12:50:49+00:00\",\"dateModified\":\"2024-08-19T18:51:21+00:00\",\"breadcrumb\":{\"@id\":\"https:\/\/mathriders.pl\/sroda-wielkopolska\/dane-firmowe\/#breadcrumb\"},\"inLanguage\":\"pl-PL\",\"potentialAction\":[{\"@type\":\"ReadAction\",\"target\":[\"https:\/\/mathriders.pl\/sroda-wielkopolska\/dane-firmowe\/\"]}]},{\"@type\":\"BreadcrumbList\",\"@id\":\"https:\/\/mathriders.pl\/sroda-wielkopolska\/dane-firmowe\/#breadcrumb\",\"itemListElement\":[{\"@type\":\"ListItem\",\"position\":1,\"name\":\"Strona g\u0142\u00f3wna\",\"item\":\"https:\/\/mathriders.pl\/sroda-wielkopolska\/\"},{\"@type\":\"ListItem\",\"position\":2,\"name\":\"Dane firmowe\"}]},{\"@type\":\"WebSite\",\"@id\":\"https:\/\/mathriders.pl\/sroda-wielkopolska\/#website\",\"url\":\"https:\/\/mathriders.pl\/sroda-wielkopolska\/\",\"name\":\"\u015aroda Wielkopolska\",\"description\":\"\",\"publisher\":{\"@id\":\"https:\/\/mathriders.pl\/sroda-wielkopolska\/#organization\"},\"potentialAction\":[{\"@type\":\"SearchAction\",\"target\":{\"@type\":\"EntryPoint\",\"urlTemplate\":\"https:\/\/mathriders.pl\/sroda-wielkopolska\/?s={search_term_string}\"},\"query-input\":{\"@type\":\"PropertyValueSpecification\",\"valueRequired\":true,\"valueName\":\"search_term_string\"}}],\"inLanguage\":\"pl-PL\"},{\"@type\":\"Organization\",\"@id\":\"https:\/\/mathriders.pl\/sroda-wielkopolska\/#organization\",\"name\":\"\u015aroda Wielkopolska\",\"url\":\"https:\/\/mathriders.pl\/sroda-wielkopolska\/\",\"logo\":{\"@type\":\"ImageObject\",\"inLanguage\":\"pl-PL\",\"@id\":\"https:\/\/mathriders.pl\/sroda-wielkopolska\/#\/schema\/logo\/image\/\",\"url\":\"https:\/\/mathriders.pl\/sroda-wielkopolska\/wp-content\/uploads\/sites\/50\/2023\/11\/logo.webp\",\"contentUrl\":\"https:\/\/mathriders.pl\/sroda-wielkopolska\/wp-content\/uploads\/sites\/50\/2023\/11\/logo.webp\",\"width\":157,\"height\":82,\"caption\":\"\u015aroda Wielkopolska\"},\"image\":{\"@id\":\"https:\/\/mathriders.pl\/sroda-wielkopolska\/#\/schema\/logo\/image\/\"}}]}<\/script>\n<!-- \/ Yoast SEO plugin. -->","yoast_head_json":{"title":"Dane firmowe - \u015aroda Wielkopolska","robots":{"index":"index","follow":"follow","max-snippet":"max-snippet:-1","max-image-preview":"max-image-preview:large","max-video-preview":"max-video-preview:-1"},"canonical":"https:\/\/mathriders.pl\/sroda-wielkopolska\/dane-firmowe\/","og_locale":"pl_PL","og_type":"article","og_title":"Dane firmowe - \u015aroda Wielkopolska","og_description":"Dane firmowe Studio Edukacji PRZYSZ\u0141O\u015a\u0106 Anna Duda-Szyma\u0144ska Os. Prymasa Wyszy\u0144skiego 5, lokal 4-5, 63-000 \u015aroda WielkopolskaNIP 786 158 31 71 PRZYSZ\u0141O\u015a\u0106 Centrum Edukacji Sp. z o.o. Strzeszki 12f, 63-000 \u015aroda Wielkopolska NIP 786 172 54 70","og_url":"https:\/\/mathriders.pl\/sroda-wielkopolska\/dane-firmowe\/","og_site_name":"\u015aroda Wielkopolska","article_modified_time":"2024-08-19T18:51:21+00:00","twitter_card":"summary_large_image","twitter_misc":{"Szacowany czas czytania":"1 minuta"},"schema":{"@context":"https:\/\/schema.org","@graph":[{"@type":"WebPage","@id":"https:\/\/mathriders.pl\/sroda-wielkopolska\/dane-firmowe\/","url":"https:\/\/mathriders.pl\/sroda-wielkopolska\/dane-firmowe\/","name":"Dane firmowe - \u015aroda Wielkopolska","isPartOf":{"@id":"https:\/\/mathriders.pl\/sroda-wielkopolska\/#website"},"datePublished":"2024-04-05T12:50:49+00:00","dateModified":"2024-08-19T18:51:21+00:00","breadcrumb":{"@id":"https:\/\/mathriders.pl\/sroda-wielkopolska\/dane-firmowe\/#breadcrumb"},"inLanguage":"pl-PL","potentialAction":[{"@type":"ReadAction","target":["https:\/\/mathriders.pl\/sroda-wielkopolska\/dane-firmowe\/"]}]},{"@type":"BreadcrumbList","@id":"https:\/\/mathriders.pl\/sroda-wielkopolska\/dane-firmowe\/#breadcrumb","itemListElement":[{"@type":"ListItem","position":1,"name":"Strona g\u0142\u00f3wna","item":"https:\/\/mathriders.pl\/sroda-wielkopolska\/"},{"@type":"ListItem","position":2,"name":"Dane firmowe"}]},{"@type":"WebSite","@id":"https:\/\/mathriders.pl\/sroda-wielkopolska\/#website","url":"https:\/\/mathriders.pl\/sroda-wielkopolska\/","name":"\u015aroda Wielkopolska","description":"","publisher":{"@id":"https:\/\/mathriders.pl\/sroda-wielkopolska\/#organization"},"potentialAction":[{"@type":"SearchAction","target":{"@type":"EntryPoint","urlTemplate":"https:\/\/mathriders.pl\/sroda-wielkopolska\/?s={search_term_string}"},"query-input":{"@type":"PropertyValueSpecification","valueRequired":true,"valueName":"search_term_string"}}],"inLanguage":"pl-PL"},{"@type":"Organization","@id":"https:\/\/mathriders.pl\/sroda-wielkopolska\/#organization","name":"\u015aroda Wielkopolska","url":"https:\/\/mathriders.pl\/sroda-wielkopolska\/","logo":{"@type":"ImageObject","inLanguage":"pl-PL","@id":"https:\/\/mathriders.pl\/sroda-wielkopolska\/#\/schema\/logo\/image\/","url":"https:\/\/mathriders.pl\/sroda-wielkopolska\/wp-content\/uploads\/sites\/50\/2023\/11\/logo.webp","contentUrl":"https:\/\/mathriders.pl\/sroda-wielkopolska\/wp-content\/uploads\/sites\/50\/2023\/11\/logo.webp","width":157,"height":82,"caption":"\u015aroda Wielkopolska"},"image":{"@id":"https:\/\/mathriders.pl\/sroda-wielkopolska\/#\/schema\/logo\/image\/"}}]}},"taxonomy_info":[],"featured_image_src_large":false,"author_info":{"display_name":"sylwia","author_link":"https:\/\/mathriders.pl\/sroda-wielkopolska\/aktualnosci\/author\/sylwia\/"},"comment_info":0,"_links":{"self":[{"href":"https:\/\/mathriders.pl\/sroda-wielkopolska\/wp-json\/wp\/v2\/pages\/413","targetHints":{"allow":["GET"]}}],"collection":[{"href":"https:\/\/mathriders.pl\/sroda-wielkopolska\/wp-json\/wp\/v2\/pages"}],"about":[{"href":"https:\/\/mathriders.pl\/sroda-wielkopolska\/wp-json\/wp\/v2\/types\/page"}],"author":[{"embeddable":true,"href":"https:\/\/mathriders.pl\/sroda-wielkopolska\/wp-json\/wp\/v2\/users\/6"}],"replies":[{"embeddable":true,"href":"https:\/\/mathriders.pl\/sroda-wielkopolska\/wp-json\/wp\/v2\/comments?post=413"}],"version-history":[{"count":3,"href":"https:\/\/mathriders.pl\/sroda-wielkopolska\/wp-json\/wp\/v2\/pages\/413\/revisions"}],"predecessor-version":[{"id":544,"href":"https:\/\/mathriders.pl\/sroda-wielkopolska\/wp-json\/wp\/v2\/pages\/413\/revisions\/544"}],"wp:attachment":[{"href":"https:\/\/mathriders.pl\/sroda-wielkopolska\/wp-json\/wp\/v2\/media?parent=413"}],"curies":[{"name":"wp","href":"https:\/\/api.w.org\/{rel}","templated":true}]}}